
2, 3, 5
List the prime factors of 16 + -10 + -2 - -59.
3, 7
Let z(a) = 26 + 2*a + a - 2*a. Let u be z(-11). What are the prime factors of (6/5)/(1/u)?
2, 3
Let k(h) = -h**2 - 13*h + 14. Let z be 1 - ((-2)/(-1) + 10). List the prime factors of k(z).
2, 3
Suppose 47 + 55 = 3*q. Let t = -16 + q. List the prime factors of t.
2, 3
Let c = -32 + 55. Suppose 41 = 4*v - c. Suppose -5*o + 74 = -2*s + 7, -v = -4*s. List the prime factors of o.
3, 5
Let u = -9 + 9. Let q = 2 - u. Suppose -q*m + 96 = 2*m. What are the prime factors of m?
2, 3
Suppose -4*l + 368 = -2*l. Suppose 9*y - 13*y = -l. List the prime factors of y.
2, 23
Let o(c) = -c**2 + c + 2. Let a be o(-5). List the prime factors of a/(-8)*(-8)/(-14).
2
Suppose -4*n + 4 = 0, -536 = -2*z + 4*n + 1122. What are the prime factors of z?
3, 277
Let p = 10 - 14. Let j = 8 + p. Suppose 3*i - r = 3*r - 7, -3*i = j*r - 25. List the prime factors of i.
3
Let b be (7 + 17)*2/(-4). What are the prime factors of -1 - 0 - (-774)/(b/(-4))?
257
Let r be 11/(-11) + 3*70/(-3). Let w = 161 + r. List the prime factors of w.
2, 3, 5
Suppose 3*v + 4*y = -42, 2*v + y = -0*y - 33. List the prime factors of 2/6 - 1686/v.
2, 47
Suppose 2*b - 2*s = -20, 5*s = b + 3*b + 45. List the prime factors of b/4*(3 - 11).
2, 5
Suppose 2*f + 60 = -4. Let h = -1 - f. What are the prime factors of h?
31
Let u be (2/(-6))/((-17)/(-255)). List the prime factors of 39/5*u/5*-10.
2, 3, 13
Let z = -1386 - -2192. List the prime factors of z.
2, 13, 31
Suppose 21*m = 14*m + 2737. List the prime factors of m.
17, 23
Suppose 2*c = a - 6*a + 15, 2*c - 4*a - 6 = 0. Suppose 0 = 3*r - 2*r - c*y + 31, -2*y + 4 = 0. Let h = r - -40. What are the prime factors of h?
19
Let y(l) = -l**3 + 13*l**2 + 13*l + 19. Let x be y(14). Suppose 3*v + x*g = 2*v + 118, 0 = -5*v - 5*g + 630. What are the prime factors of v?
2
Let z be 1 + 1 - 4*-1. Let m = 27 + z. List the prime factors of m.
3, 11
Let z(j) = -6*j**3 - 2*j**2 - 3*j. Let w(v) = -v + 1. Let c be w(3). What are the prime factors of z(c)?
2, 23
What are the prime factors of (85/(-25) + -5)/(2/(-120))?
2, 3, 7
Suppose x - 3*p = -p + 5, 0 = -2*x - 3*p - 4. Suppose x = -3*m + 13. What are the prime factors of m?
2
Let d(x) = -1272*x - 8. Let o be d(-1). Suppose -l = 3*l - o. What are the prime factors of l?
2, 79
Suppose -4*t = -20 - 16. Suppose -2*m = 2*o - 12, 0 = -5*o - m + 6*m. Let h = t - o. What are the prime factors of h?
2, 3
Suppose -6*j + 20 = -j + 4*o, -8 = -2*j - 5*o. Suppose 37 = 5*i + 3*a, -j = i - 5*i + 4*a. Suppose -i*b = -10*b + 145. What are the prime factors of b?
29
Let r be (-84)/3*46/(-4). Suppose 4*x + 251 = 4*p + 643, 4*p = -3*x + r. What are the prime factors of x?
2, 3, 17
Let w(d) be the second derivative of -2*d**2 - 4*d - 3/2*d**3 + 0. List the prime factors of w(-3).
23
Let f be -2 + 9/(36/8). What are the prime factors of 30 + f*(-2)/(-6)?
2, 3, 5
Suppose 11*w + 3259 = 2*x + 12*w, -x + 1646 = -5*w. List the prime factors of x.
7, 233
Suppose -5*k + 2685 + 742 = -m, 6 = -3*m. List the prime factors of k.
5, 137
Suppose 995 + 7720 = 21*i. What are the prime factors of i?
5, 83
Let d = 3582 + -1885. What are the prime factors of d?
1697
Let u(r) = 47*r + 180. List the prime factors of u(21).
3, 389
Let j be 1*76 + (-2 - 1). Let n = 154 - j. Suppose 6*m = 9*m - n. List the prime factors of m.
3
Let q = -5048 - -9324. List the prime factors of q.
2, 1069
Let o = -112 + 115. Suppose -338 = -5*s - 0*u + o*u, -3*s - u = -200. What are the prime factors of s?
67
Let i(r) = -r - 6. Let l be i(-11). Suppose -3*t = 5*d - 397, -l = 5*d + 5*t - 400. List the prime factors of d.
2, 5
Let n = 6 - 0. Suppose 5*t - 6 - 3 = -3*z, n = 2*z + 2*t. Suppose 3*y = -3*u + 18, -2*y - 4 + 18 = z*u. What are the prime factors of u?
2
Suppose -66 = 2*o + 2*w, 0 = o - 5*w - 0*w + 33. Let h = 47 + o. What are the prime factors of (3 - h/4)*-4?
2
Let h be (54/(-45))/((-6)/20). Suppose -h*s = -0*s. Suppose 0 = -3*k + 15, s = -0*v - v + 5*k + 4. List the prime factors of v.
29
Let l(x) = -4*x**3 - 8*x**2 - 16*x + 2. What are the prime factors of l(-5)?
2, 191
Let t = -266 + 619. What are the prime factors of t?
353
Let z = -1040 + 1480. List the prime factors of z.
2, 5, 11
Suppose -n + 5*n - 2*b = -162, 4*n = -4*b - 144. Let o = 75 + n. Suppose -5*m + o = -m. What are the prime factors of m?
3
Let t(i) = i**3 - 2*i + 6. Let x be (10 - (1 - 1))*19/38. List the prime factors of t(x).
11
Let s be (-2)/(-4) + -4 + 93/6. Suppose 0 = s*r - 15*r + 48. What are the prime factors of r?
2
List the prime factors of (4 - 16)/((-14)/6531).
2, 3, 311
Suppose 5*u - 4841 = 4*r - 1051, 3*r - 3063 = -4*u. List the prime factors of u.
2, 3, 127
Let k = 38 - 65. Let d(s) = s**2 + 6*s - 16. Let v be d(-6). Let a = v - k. What are the prime factors of a?
11
Suppose -i - 16 = 3*m, -67 = 5*i - 2*m + 4*m. Let y = 9 + i. Let g(l) = 3*l**2 + 6*l + 4. List the prime factors of g(y).
2, 7
Suppose 5*n - 10 + 30 = 0, 4*f - 3*n = 60. Suppose 0 = -3*w - 6, 10 = -4*o + 2*o - 5*w. Let z = f - o. What are the prime factors of z?
2, 3
Suppose j + 49 = -0*x + 3*x, 4*x = j + 65. Let s = 24 - x. List the prime factors of s.
2
Let h(o) = -o**3 - 2*o**2 - 9*o + 5. Let p be h(-6). Let b = -124 + p. List the prime factors of b.
79
Let x(w) = -5*w**2 - w. Let n = 4 + -3. Let y be x(n). List the prime factors of 28/(-10)*15/y.
7
Suppose 4*o - 427 = -i, -o + 32 + 91 = -3*i. Suppose -4*b = -5*k + 4, -5*k + b = 2*b - 24. Suppose x = k*x - o. What are the prime factors of x?
2, 3
Let i = 947 - 446. What are the prime factors of i?
3, 167
Suppose -4*o + 3 - 5 = 3*m, 3*o = -5*m + 4. Suppose -3*t = 4*p - 442, m*t - 2*p - 164 = 126. What are the prime factors of t?
2, 73
Let j(w) = w - 8. Let o be j(16). Suppose o*y - 4*y = 688. What are the prime factors of y?
2, 43
Let j be -4 + 27 + -4 + -3. Let u = j + 9. List the prime factors of u.
5
Let k = -1024 + 1133. What are the prime factors of k?
109
Let a(v) = 6*v + 10. Suppose -z - 2*z = -24. Suppose -24*i = -25*i + z. What are the prime factors of a(i)?
2, 29
Let m = 0 - -1. Let a(b) = -b**3 + 4*b**2 - b - 9. Let j be a(4). Let u = m - j. What are the prime factors of u?
2, 7
Suppose -7*u + 4*u = -99. Let d = -25 + u. List the prime factors of d.
2
Suppose 18*f = -3*f + 31374. List the prime factors of f.
2, 3, 83
Let m = -67 + 48. Let n = -13 - m. Suppose -n*x + 32 = -10. What are the prime factors of x?
7
Let h be 898/(-8) - (-2)/8. Suppose 10*s = 14*s - 28. What are the prime factors of ((-27)/12)/(s/h)?
2, 3
Let j(r) = -5*r**2 + 9*r - 1. Let v be j(6). Let h be (-14)/(-7) + (-1 - v). Let s = h - 88. What are the prime factors of s?
2, 5
Let y(v) = -5*v + 0 + 3 - 1. Let n be (24 - 21)*(-5)/3. What are the prime factors of y(n)?
3
Let q(c) be the first derivative of c**5/60 + 7*c**4/24 + c**3/6 + 3*c**2/2 - 7. Let k(l) be the second derivative of q(l). List the prime factors of k(-9).
19
Suppose 0 = -14*y + 13*y + 347. List the prime factors of y.
347
List the prime factors of 2970/18*9/5.
3, 11
Suppose 46 = 4*v + 5*n, -3*n + 1 = -v + 2*n. Let d(q) = q**2 - 9*q + 3. Let w be d(v). Suppose w*o = -o + 56. What are the prime factors of o?
2, 7
Let f(a) = -4*a**2 + 162*a - 35. List the prime factors of f(38).
3, 5, 23
Let o = -49 + 35. List the prime factors of ((-21)/o)/((-2)/(-44)).
3, 11
Suppose -c + 24*g + 2269 = 27*g, -2267 = -c - 5*g. What are the prime factors of c?
2, 71
Let r = -929 + 1461. Suppose -2*s - 102 = -3*x + 2*x, s - r = -5*x. List the prime factors of x.
2, 53
Let q be (-83)/(-1)*(-10 - -9). Let t = -14 - q. List the prime factors of t.
3, 23
List the prime factors of ((-168)/10)/(104/(-3380)).
2, 3, 7, 13
List the prime factors of 585 - -28 - (-3 - -6).
2, 5, 61
Let b = 53 + -71. List the prime factors of ((-300)/b)/(-1*4/(-18)).
3, 5
Let b(v) = -v**3 + 6*v**2 + 3*v + 14. Let n be b(7). Let h(y) = 49*y**2 + y. Let i be h(-1). Let m = n + i. List the prime factors of m.
2, 17
Suppose 5*s - 312 - 283 = 5*i, 4*s - 471 = 5*i. Let z = 245 - s. Suppose -3*m - z = -4*r, -3*r + 2*m = 2*r - 153. What are the prime factors of r?
31
Let d be 0 + (-236)/(-6)*-3. Let c = -65 - d. List the prime factors of c.
53
Let o(p) = 26*p**2 - 8*p + 6. Let z be o(3). Suppose -4*x - 17 = x + w, 4*x = -3*w - 7. 